
In base 16, what is -9d - f9843?
-f98e0
In base 3, what is 10 + 210201001110?
210201001120
In base 5, what is -11311201301 - 0?
-11311201301
In base 10, what is 2954 + -4199?
-1245
In base 7, what is -11514 - 26335?
-41152
In base 16, what is 108 + -3fcbc?
-3fbb4
In base 14, what is 5067 - -8d1?
5958
In base 13, what is 1a + -681b58?
-681b3b
In base 10, what is -389 + 27357?
26968
In base 9, what is 1 - -201233541?
201233542
In base 3, what is 21101100212022 + 1?
21101100212100
In base 13, what is -361c28b8 + 0?
-361c28b8
In base 4, what is 101 + -1200131012111?
-1200131012010
In base 11, what is -4593 - 4619?
-9101
In base 15, what is -6d6cc4 + -5?
-6d6cc9
In base 5, what is -113111130 + 0?
-113111130
In base 10, what is 4844 + -8396?
-3552
In base 3, what is -2001012200222 - -10?
-2001012200212
In base 10, what is 238 + -111569?
-111331
In base 14, what is 4c8c + 4661?
950d
In base 15, what is -603 - -14d7?
dd4
In base 14, what is -2a01a72c - 3?
-2a01a731
In base 10, what is 1033 - 4714?
-3681
In base 11, what is -184 + 6a9a6?
6a822
In base 11, what is -3726841 - -16?
-3726826
In base 13, what is -a36b68 - -5?
-a36b63
In base 5, what is 22244 + 4434222?
10012021
In base 16, what is 27e218f + -3?
27e218c
In base 9, what is -2807852 - -2?
-2807850
In base 7, what is 3542024 + 3?
3542030
In base 12, what is 4 - -33ba4958?
33ba4960
In base 15, what is -388e - -34?
-385a
In base 8, what is 1003623 + 0?
1003623
In base 9, what is 72 + 133587?
133670
In base 8, what is 1115443 + 372?
1116035
In base 15, what is 1 + d8cbb?
d8cbc
In base 8, what is 150555 + -1115?
147440
In base 9, what is -143851 + -504?
-144455
In base 3, what is -11111 - -120111211010?
120111122122
In base 7, what is -160064320 - 10?
-160064330
In base 12, what is -177233b - 2?
-1772341
In base 12, what is 157 + -1ba071?
-1b9b16
In base 8, what is 716 - 4504362?
-4503444
In base 13, what is -3 + 1343b8b?
1343b88
In base 3, what is 11111120002 + 1210121?
11120100200
In base 5, what is -1144202101432 + 0?
-1144202101432
In base 14, what is -722c971 + -10?
-722c981
In base 3, what is 1 + -12111120020111?
-12111120020110
In base 12, what is 17716 + -1b6?
17520
In base 16, what is -1398 - -107aa?
f412
In base 12, what is 1839 - -63?
18a0
In base 14, what is 8c + -64c50?
-64ba2
In base 6, what is 34023533 + -3153?
34020340
In base 7, what is -611 + -15322220?
-15323131
In base 5, what is -1421323241 - 11?
-1421323302
In base 13, what is 12b74 + 29?
12ba0
In base 2, what is -1101001 - 11101001110010110100100?
-11101001110011000001101
In base 7, what is -1231453 + 5?
-1231445
In base 7, what is -156 - -5503216?
5503030
In base 13, what is -125 + 14225b?
142136
In base 5, what is -2024 + 3102242?
3100213
In base 12, what is 1761 + -569b?
-3b3a
In base 5, what is 0 - 411223400?
-411223400
In base 2, what is 1011100100 + 101011000000?
110110100100
In base 15, what is -50bb2681 - 1?
-50bb2682
In base 14, what is 0 - -dd7076?
dd7076
In base 7, what is -25 - -5140604?
5140546
In base 3, what is -120002 - -1010122?
120120
In base 15, what is 608d0 - 39?
60896
In base 10, what is 4133212 - -200?
4133412
In base 10, what is -32482 + 747?
-31735
In base 2, what is 10100010110001000010011100 - 1?
10100010110001000010011011
In base 4, what is 12202222 - -13323?
12222211
In base 13, what is -97 + 1c753a?
1c7473
In base 12, what is -ba + -12a4961?
-12a4a5b
In base 13, what is 466841a - -5?
4668422
In base 3, what is -1222222221 + -110112?
-2000110110
In base 15, what is -6d8 + -441?
-b29
In base 2, what is 111 + -100111000100001011?
-100111000100000100
In base 3, what is 12011121002101020 + 12?
12011121002101102
In base 2, what is 100 + -1010001110111010010010010101?
-1010001110111010010010010001
In base 10, what is -16849 - 9660?
-26509
In base 8, what is 3 + 5542246?
5542251
In base 16, what is -520c + -2c?
-5238
In base 3, what is 11 - -21221022220200101?
21221022220200112
In base 5, what is 10004 - 32443?
-22434
In base 9, what is -134 - -23760401?
23760256
In base 10, what is -2262661 + -5?
-2262666
In base 5, what is 333 + -113003043?
-113002210
In base 16, what is b67a0 + -67?
b6739
In base 9, what is 15 - 2136374?
-2136358
In base 2, what is -1001100000111101111 - 110011?
-1001100001000100010
In base 4, what is 3 + 22100313323300?
22100313323303
In base 14, what is -5145258 + -4?
-514525c
In base 12, what is -2ab00582 - -4?
-2ab0057a
In base 2, what is 100000011111001001100 - 110?
100000011111001000110
In base 7, what is -140 - 456533?
-460003
In base 11, what is -62153777a + 5?
-621537775
In base 7, what is 256161261 + 4?
256161265
In base 10, what is -40 - -1593437?
1593397
In base 8, what is 30 + 54764545?
54764575
In base 7, what is -3516320 - -266?
-3516021
In base 15, what is 3 - ec81147?
-ec81144
In base 2, what is -10110101010010111111 + 100?
-10110101010010111011
In base 14, what is 346ad3a + 3b?
346ad77
In base 13, what is 0 - -617a45?
617a45
In base 5, what is -204241020 - -14?
-204241001
In base 12, what is -22708 + 915?
-219b3
In base 10, what is 317023 + -13?
317010
In base 14, what is -1403 + -34d7?
-48da
In base 10, what is 261666425 - -5?
261666430
In base 14, what is -2 + -1cd92d?
-1cd931
In base 13, what is -1966b7c + 86?
-1966ac6
In base 5, what is -232123 + 13234?
-213334
In base 14, what is -18 - -95b60c?
95b5d4
In base 14, what is 5bc7a - 24?
5bc56
In base 12, what is 41bab96 + 2?
41bab98
In base 3, what is 122210 + -10011002011?
-10010102101
In base 16, what is eb + ece6d?
ecf58
In base 12, what is -257 + -a680?
-a917
In base 2, what is 1111001110101 - 11111010001110101?
-11101011000000000
In base 10, what is 96988 + 548?
97536
In base 14, what is 6d1030b + 0?
6d1030b
In base 2, what is 10011010110100 + 1110?
10011011000010
In base 13, what is 14b378 + 9?
14b384
In base 15, what is 4 + -711121?
-71111c
In base 10, what is -9504809 - 99?
-9504908
In base 10, what is -4 + 6336880?
6336876
In base 8, what is 7342210 - 22?
7342166
In base 8, what is 72206462 + -4?
72206456
In base 6, what is -30 + 1340?
1310
In base 5, what is -321 + 30201222?
30200401
In base 3, what is -22 + -10001102021?
-10001102120
In base 16, what is 6f54290 - 1?
6f5428f
In base 16, what is 2b4c1 - 4c?
2b475
In base 5, what is 1000302304442 - 1?
1000302304441
In base 6, what is 15402524524 + -4?
15402524520
In base 3, what is 10202020121101 + -11?
10202020121020
In base 9, what is -357 - 30142?
-30510
In base 14, what is 5dd - aac?
-4ad
In base 7, what is -566352 - 42?
-566424
In base 6, what is -2 + -15134354?
-15134400
In base 8, what is 241242 - 41551?
177471
In base 12, what is 0 - -326b0bb?
326b0bb
In base 16, what is -3 - -35fb775?
35fb772
In base 7, what is 41 + -6233065?
-6233024
In base 7, what is 115231 - -244?
115505
In base 3, what is 100102111 - 221022?
22111012
In base 10, what is 7718 + 1114?
8832
In base 13, what is 1cc8 + 5b3b?
7b36
In base 15, what is -10 + -161d789?
-161d799
In base 3, what is 11 + -200101022010?
-200101021222
In base 12, what is 5667 + 43a?
5aa5
In base 16, what is 216e67a + -2?
216e678
In base 8, what is 1 + 535320062?
535320063
In base 8, what is 3255 + -5226?
-1751
In base 6, what is 2 - 23030143?
-23030141
In base 8, what is 1450376 + -32?
1450344
In base 4, what is -130333130 - 13200?
-131012330
In base 8, what is 62643 + -31267?
31354
In base 5, what is 411142 + 1021410?
1433102
In base 6, what is -2 + 250055555?
250055553
In base 14, what is -103 - -1d5c2?
1d4bd
In base 9, what is 3842641 + -2?
3842638
In base 5, what is -22321230042 + -3?
-22321230100
In base 4, what is 103122032 - 32?
103122000
In base 5, what is 2412 + -1310141?
-1302224
In base 13, what is 186c2a8c + -1?
186c2a8b
In base 8, what is 12505176 + 3?
12505201
In base 8, what is 2 - 21041022?
-21041020
In base 8, what is -4743031 - 23?
-4743054
In base 6, what is -40121 + -110215?
-150340
In base 7, what is -636542 + -1235?
-641110
In base 4, what is -323220 - 20103113?
-21032333
In base 4, what is -2310021 - -11231131?
2321110
In base 5, what is 1144330 + 23100?
1222430
In base 15, what is 242a057 - -1a?
242a072
In base 12, what is -168535207 - 4?
-16853520b
In base 8, what is -255761 + 1227?
-254532
In base 4, what is 10130 + 3200122?
3210312
In base 14, what is -59d091d7 + -1?
-59d091d